ctors of 976?
2, 61
List the prime factors of 27889.
167
What are the prime factors of 9290?
2, 5, 929
What are the prime factors of 71188?
2, 13, 37
List the prime factors of 27180.
2, 3, 5, 151
List the prime factors of 6996.
2, 3, 11, 53
List the prime factors of 7958.
2, 23, 173
What are the prime factors of 2013?
3, 11, 61
List the prime factors of 24457.
37, 661
What are the prime factors of 169?
13
List the prime factors of 4786.
2, 2393
List the prime factors of 4878.
2, 3, 271
List the prime factors of 13370.
2, 5, 7, 191
List the prime factors of 141672.
2, 3, 5903
What are the prime factors of 2329?
17, 137
What are the prime factors of 87525?
3, 5, 389
List the prime factors of 489.
3, 163
What are the prime factors of 1332?
2, 3, 37
What are the prime factors of 388?
2, 97
What are the prime factors of 2860?
2, 5, 11, 13
What are the prime factors of 1099?
7, 157
What are the prime factors of 4590?
2, 3, 5, 17
What are the prime factors of 29238?
2, 3, 11, 443
List the prime factors of 29955.
3, 5, 1997
What are the prime factors of 639?
3, 71
List the prime factors of 326.
2, 163
List the prime factors of 18392.
2, 11, 19
List the prime factors of 28655.
5, 11, 521
What are the prime factors of 441?
3, 7
What are the prime factors of 57448?
2, 43, 167
What are the prime factors of 57072?
2, 3, 29, 41
What are the prime factors of 51219?
3, 7, 271
What are the prime factors of 62070?
2, 3, 5, 2069
List the prime factors of 572.
2, 11, 13
What are the prime factors of 15861?
3, 17, 311
List the prime factors of 976.
2, 61
What are the prime factors of 252?
2, 3, 7
What are the prime factors of 49223?
49223
List the prime factors of 43185.
3, 5, 2879
What are the prime factors of 96443?
96443
What are the prime factors of 15538?
2, 17, 457
What are the prime factors of 634?
2, 317
What are the prime factors of 379?
379
What are the prime factors of 4789?
4789
List the prime factors of 10944.
2, 3, 19
List the prime factors of 5008.
2, 313
List the prime factors of 15330.
2, 3, 5, 7, 73
What are the prime factors of 55740?
2, 3, 5, 929
What are the prime factors of 2871?
3, 11, 29
List the prime factors of 8527.
8527
What are the prime factors of 96514?
2, 11, 41, 107
List the prime factors of 2321.
11, 211
What are the prime factors of 370?
2, 5, 37
What are the prime factors of 940?
2, 5, 47
What are the prime factors of 47456?
2, 1483
List the prime factors of 1024.
2
List the prime factors of 1886.
2, 23, 41
What are the prime factors of 1937?
13, 149
List the prime factors of 27339.
3, 13, 701
What are the prime factors of 10079?
10079
List the prime factors of 20506.
2, 10253
What are the prime factors of 8759?
19, 461
What are the prime factors of 169?
13
List the prime factors of 1359.
3, 151
What are the prime factors of 20085?
3, 5, 13, 103
List the prime factors of 919.
919
What are the prime factors of 19644?
2, 3, 1637
What are the prime factors of 17541?
3, 1949
List the prime factors of 7102.
2, 53, 67
What are the prime factors of 1426?
2, 23, 31
List the prime factors of 782.
2, 17, 23
What are the prime factors of 73364?
2, 18341
List the prime factors of 1994.
2, 997
What are the prime factors of 7159?
7159
What are the prime factors of 21853?
13, 41
What are the prime factors of 8508?
2, 3, 709
List the prime factors of 122727.
3, 11, 3719
List the prime factors of 3526.
2, 41, 43
List the prime factors of 698.
2, 349
What are the prime factors of 9452?
2, 17, 139
What are the prime factors of 2770?
2, 5, 277
List the prime factors of 4967.
4967
List the prime factors of 2053.
2053
What are the prime factors of 3253?
3253
List the prime factors of 3812.
2, 953
List the prime factors of 1791.
3, 199
List the prime factors of 2391.
3, 797
What are the prime factors of 1494?
2, 3, 83
List the prime factors of 86438.
2, 11, 3929
List the prime factors of 7063.
7, 1009
What are the prime factors of 35710?
2, 5, 3571
What are the prime factors of 24374?
2, 7, 1741
List the prime factors of 33119.
33119
List the prime factors of 4727.
29, 163
List the prime factors of 31672.
2, 37, 107
What are the prime factors of 4447?
4447
What are the prime factors of 2760?
2, 3, 5, 23
What are the prime factors of 1884?
2, 3, 157
List the prime factors of 366.
2, 3, 61
What are the prime factors of 1638?
2, 3, 7, 13
What are the prime factors of 6830?
2, 5, 683
What are the prime factors of 2798?
2, 1399
List the prime factors of 95526.
2, 3, 29, 61
What are the prime factors of 1642?
2, 821
What are the prime factors of 1118?
2, 13, 43
What are the prime factors of 1890?
2, 3, 5, 7
What are the prime factors of 12107?
12107
What are the prime factors of 113273?
227, 499
What are the prime factors of 15080?
2, 5, 13, 29
What are the prime factors of 76963?
76963
What are the prime factors of 22554?
2, 3, 7, 179
What are the prime factors of 6246?
2, 3, 347
What are the prime factors of 11272?
2, 1409
List the prime factors of 18300.
2, 3, 5, 61
List the prime factors of 983.
983
List the prime factors of 54923.
11, 4993
List the prime factors of 8932.
2, 7, 11, 29
List the prime factors of 57795.
3, 5, 3853
List the prime factors of 2918.
2, 1459
List the prime factors of 16560.
2, 3, 5, 23
List the prime factors of 18468.
2, 3, 19
List the prime factors of 53416.
2, 11, 607
What are the prime factors of 2528?
2, 79
What are the prime factors of 1397?
11, 127
List the prime factors of 6540.
2, 3, 5, 109
List the prime factors of 567.
3, 7
List the prime factors of 147521.
11, 13411
List the prime factors of 68498.
2, 29, 1181
List the prime factors of 1654.
2, 827
What are the prime factors of 15766?
2, 7883
List the prime factors of 22775.
5, 911
What are the prime factors of 2143?
2143
List the prime factors of 151.
151
List the prime factors of 104357.
11, 53, 179
List the prime factors of 32955.
3, 5, 13
List the prime factors of 9073.
43, 211
List the prime factors of 1984.
2, 31
What are the prime factors of 757?
757
List the prime factors of 1540.
2, 5, 7, 11
List the prime factors of 1472.
2, 23
What are the prime factors of 2248?
2, 281
List the prime factors of 914.
2, 457
What are the prime factors of 35997?
3, 13, 71
What are the prime factors of 2591?
2591
What are the prime factors of 22447?
22447
What are the prime factors of 5707?
13, 439
List the prime factors of 2846.
2, 1423
What are the prime factors of 752?
2, 47
List the prime factors of 10106.
2, 31, 163
List the prime factors of 5764.
2, 11, 131
List the prime factors of 7740.
2, 3, 5, 43
What are the prime factors of 12173?
7, 37, 47
What are the prime factors of 14341?
14341
List the prime factors of 356.
2, 89
What are the prime factors of 24746?
2, 12373
List the prime factors of 456.
2, 3, 19
What are the prime factors of 61027?
61027
What are the prime factors of 132946?
2, 11, 6043
List the prime factors of 857.
857
List the prime factors of 1031.
1031
List the prime factors of 63399.
3, 7, 3019
What are the prime factors of 578?
2, 17
What are the prime factors of 75479?
75479
What are the prime factors of 37273?
37273
List the prime factors of 236.
2, 59
What are the prime factors of 64870?
2, 5, 13, 499
List the prime factors of 2040.
2, 3, 5, 17
What are the prime factors of 32750?
2, 5, 131
List the prime factors of 18945.
3, 5, 421
What are the prime factors of 96?
2, 3
What are the prime factors of 7851?
3, 2617
What are the prime factors of 71822?
2, 35911
What are the prime factors of 2216?
2, 277
List the prime factors of 31986.
2, 3, 1777
List the prime factors of 6925.
5, 277
List the prime factors of 6802.
2, 19, 179
What are the prime factors of 1118?
2, 13, 43
What are the prime factors of 22137?
3, 47, 157
List the prime factors of 1297.
1297
List the prime factors of 13898.
2, 6949
List the prime factors of 1308.
2, 3, 109
What are the prime factors of 37?
37
What are the prime factors of 2970?
2, 3, 5, 11
List the prime factors of 415.
5, 83
What are the prime factors of 1720?
2, 5, 43
List the prime factors of 3270.
2, 3, 5, 109
What are the prime factors of 35422?
2, 89, 199
What are the prime factors of 30727?
30727
List the prime factors of 4075.
5, 163
What are the prime factors of 976?
2, 61
What are the prime factors of 23